vide 585455?
True
Does 480 divide 174873?
False
Is 22048 a multiple of 104?
True
Is 85402 a multiple of 65?
False
Is 320694 a multiple of 33?
True
Does 431 divide 7040502?
False
Is 759 a factor of 14546050?
False
Is 852 a factor of 1559647?
False
Is 12199130 a multiple of 13?
False
Is 336336 a multiple of 77?
True
Does 251 divide 100681?
False
Is 36709 a multiple of 21?
False
Is 75 a factor of 706395?
False
Is 510920 a multiple of 20?
True
Is 38 a factor of 1042720?
True
Is 86 a factor of 750199?
False
Is 347 a factor of 1420618?
True
Is 11 a factor of 37054?
False
Is 10869984 a multiple of 207?
True
Is 50930 a multiple of 10?
True
Is 12348372 a multiple of 398?
False
Is 154 a factor of 141879?
False
Is 346 a factor of 238048?
True
Is 952600 a multiple of 9?
False
Is 42492 a multiple of 20?
False
Is 714596 a multiple of 144?
False
Is 305 a factor of 38147?
False
Is 257096 a multiple of 7?
True
Is 259 a factor of 95312?
True
Is 89215 a multiple of 4?
False
Is 2449632 a multiple of 19?
True
Does 92 divide 153258?
False
Is 96 a factor of 117696?
True
Does 99 divide 2612412?
True
Is 14326368 a multiple of 48?
True
Is 47622 a multiple of 19?
False
Is 7102207 a multiple of 21?
False
Is 11209 a multiple of 25?
False
Is 513 a factor of 1607252?
False
Is 22 a factor of 444390?
False
Is 13 a factor of 3364881?
True
Does 24 divide 121248?
True
Is 17108 a multiple of 47?
True
Is 20490 a multiple of 683?
True
Does 10 divide 149640?
True
Is 7507955 a multiple of 377?
True
Is 33044 a multiple of 16?
False
Is 319261 a multiple of 29?
True
Is 273 a factor of 733005?
True
Is 76 a factor of 63869?
False
Is 59452 a multiple of 30?
False
Does 240 divide 132703?
False
Is 1032521 a multiple of 62?
False
Does 4 divide 58544?
True
Is 461520 a multiple of 12?
True
Is 6580 a multiple of 188?
True
Is 3213 a multiple of 189?
True
Does 875 divide 4031125?
True
Is 354 a factor of 13420140?
True
Does 415 divide 506715?
True
Is 280488 a multiple of 696?
True
Is 162 a factor of 378918?
True
Does 657 divide 557136?
True
Is 209661 a multiple of 51?
True
Does 2 divide 66602?
True
Is 114 a factor of 2321967?
False
Is 118 a factor of 1589578?
True
Is 200 a factor of 3809774?
False
Is 12 a factor of 4299012?
True
Is 534 a factor of 976326?
False
Is 11 a factor of 3046144?
False
Is 50 a factor of 407792?
False
Is 400 a factor of 427677?
False
Is 2492971 a multiple of 379?
False
Does 144 divide 295901?
False
Is 66 a factor of 59664?
True
Is 6326164 a multiple of 722?
True
Is 3 a factor of 19692?
True
Is 36 a factor of 8491158?
False
Is 84909 a multiple of 3?
True
Is 12834426 a multiple of 33?
True
Is 13 a factor of 135538?
True
Is 73244 a multiple of 127?
False
Is 42488 a multiple of 69?
False
Is 84 a factor of 161336?
False
Does 5 divide 75955?
True
Does 21 divide 3542439?
False
Is 137552 a multiple of 156?
False
Is 68 a factor of 591056?
True
Is 444 a factor of 1619268?
True
Is 2234 a factor of 5481389?
False
Is 6136 a multiple of 26?
True
Is 14 a factor of 689906?
True
Is 13 a factor of 287263?
False
Is 252 a factor of 1452918?
False
Does 2 divide 26760?
True
Is 1183252 a multiple of 299?
False
Does 106 divide 862628?
True
Is 56 a factor of 748726?
False
Is 1402872 a multiple of 22?
False
Is 84 a factor of 684786?
False
Is 666 a factor of 664002?
True
Is 20 a factor of 940640?
True
Does 56 divide 19916?
False
Is 71280 a multiple of 264?
True
Is 21 a factor of 20187?
False
Is 1826705 a multiple of 108?
False
Does 16 divide 5989?
False
Is 4997680 a multiple of 349?
True
Is 8 a factor of 110864?
True
Is 42 a factor of 1021146?
True
Does 18 divide 584826?
False
Does 627 divide 2177966?
False
Is 57246 a multiple of 87?
True
Is 22 a factor of 1527504?
True
Is 302 a factor of 12050716?
False
Does 44 divide 17442521?
False
Does 282 divide 328139?
False
Does 209 divide 1332744?
False
Is 9 a factor of 4741983?
True
Does 17 divide 21877657?
True
Is 72 a factor of 144432?
True
Does 379 divide 221414?
False
Is 150416 a multiple of 119?
True
Is 2 a factor of 24544?
True
Is 5 a factor of 381021?
False
Is 47314 a multiple of 22?
False
Is 61 a factor of 43519?
False
Does 46 divide 964206?
True
Does 7 divide 367045?
True
Is 489467 a multiple of 7?
False
Is 5 a factor of 81385?
True
Is 7 a factor of 28329?
True
Is 149987 a multiple of 127?
True
Is 18518 a multiple of 35?
False
Does 100 divide 1989304?
False
Does 20 divide 14997?
False
Is 115971 a multiple of 31?
True
Is 21213080 a multiple of 20?
True
Does 317 divide 2029747?
False
Does 20 divide 4120?
True
Is 182313 a multiple of 9?
True
Does 11 divide 3674429?
True
Does 27 divide 26757?
True
Does 22 divide 172810?
True
Does 1207 divide 773687?
True
Is 20407771 a multiple of 45?
False
Is 846238 a multiple of 16?
False
Does 114 divide 593712?
True
Is 2493126 a multiple of 27?
True
Is 24706 a multiple of 22?
True
Is 92 a factor of 75937?
False
Is 4362124 a multiple of 15?
False
Is 4177646 a multiple of 61?
True
Is 5731002 a multiple of 207?
True
Is 1032300 a multiple of 186?
True
Is 11 a factor of 2454345?
False
Is 15766 a multiple of 3?
False
Does 1833 divide 11579061?
True
Is 4640 a multiple of 58?
True
Is 1669 a factor of 4241408?
False
Is 4 a factor of 12044?
True
Is 50263 a multiple of 4?
False
Is 203039 a multiple of 4?
False
Does 7 divide 4781000?
True
Is 6 a factor of 332244?
True
Is 1003 a factor of 2490496?
False
Is 10 a factor of 102820?
True
Is 1790344 a multiple of 79?
False
Does 332 divide 383703?
False
Is 622 a factor of 7622969?
False
Does 20 divide 17260?
True
Does 192 divide 11328?
True
Is 1246 a factor of 10649925?
False
Is 791308 a multiple of 6?
False
Is 2666684 a multiple of 2?
True
Is 3 a factor of 257192?
False
Is 15688960 a multiple of 256?
True
Is 72980 a multiple of 13?
False
Is 17 a factor of 96592?
False
Does 2 divide 4977?
False
Is 8 a factor of 455516?
False
Does 85 divide 96591?
False
Is 67 a factor of 133196?
True
Does 108 divide 470988?
True
Is 22 a factor of 15747297?
False
Is 454 a factor of 4963128?
True
Does 207 divide 35441?
False
Is 34022651 a multiple of 293?
False
Does 170 divide 1990530?
True
Does 142 divide 712686?
False
Is 114970 a multiple of 12?
False
Is 17 a factor of 2274458?
False
Is 1049933 a multiple of 106?
False
Does 303 divide 1833453?
True
Does 115 divide 409515?
True
Is 159 a factor of 386575?
False
Is 289 a factor of 7532496?
True
Is 1349866 a multiple of 43?
False
Is 5601505 a multiple of 7?
True
Does 105 divide 900845?
False
Is 146460 a multiple of 30?
True
Does 90 divide 169427?
False
Is 2934680 a multiple of 470?
True
Is 13 a factor of 202325?
False
Is 2642816 a multiple of 18?
False
Does 413 divide 7943072?
False
Does 3 divide 682743?
True
Does 59 divide 404269?
False
Is 3 a factor of 54505?
False
Is 213931 a multiple of 57?
False
Is 7754 even?
True
Is 40 a factor of 13564880?
True
Does 21 divide 277202?
False
Does 80 divide 291601?
False
Is 381330 a multiple of 95?
True
Is 33944 a multiple of 4?
True
Is 97864 a multiple of 5?
False
Is 163 a factor of 33594?
False
Does 47 divide 28842255?
True
Is 191061 a multiple of 218?
False
Is 49 a factor of 1466341?
False
Is 15 a factor of 134442?
False
Is 3198732 a multiple of 503?
False
Is 4 a factor of 2126988?
True
Is 3756910 a multiple of 126?
False
Is 207 a factor of 16214517?
True
Is 13165 a multiple of 22?
False
Is 82 a factor of 6405922?
True
Is 162386 a multiple of 12?
False
Is 7708200 a multiple of 40?
True
Is 690184 a multiple of 46?
True
Does 27 divide 191762?
False
Does 47 divide 4246708?
False
Is 7 a factor of 192901?
False
Is 343 a factor of 4792739?
True
Is 12 a factor of 505344?
True
Does 104 divide 6600790?
False
Is 693824 a multiple of 455?
False
Does 31 divide 187912?
False
Does 123 divide 865447?
False
Does 2 divide 37961?
False
Does 29 divide 2971583?
False
Is 2071761 a multiple of 286?
False
Is 2 a factor of 25837?
False
Is 134 a factor of 30686?
True
Is 108 a factor of 70632?
True
Is 92448 a multiple of 48?
True
Is 20878 a multiple of 4?
False
Is 36251 a multiple of 6?
False
Is 202337 a multiple of 107?
True
Does 75 divide 152925?
True
Is 445760 a multiple of 280?
True
Is 163 a factor of 79381?
True
Does 70 divide 5809580?
True
Does 3 divide 2100018?
True
Is 106289 a multiple of 16?
False
Is 2173384 a multiple of 11?
Fals